o**3 + 19*o**2 - 6*o - 8. Let f be -15 - ((-12)/9 + 1)*-9. Let h be s(f). Suppose 0 = -10*k + 116 + h. What is the tens digit of k?
5
Let a = -47 + 43. Let x be 1/((-14)/a) - 2208/(-112). Let h = x + -18. What is the units digit of h?
2
Let a = 20 + -41. Let u = 21 + a. Suppose 5*f - 295 - 95 = u. What is the units digit of f?
8
Let p = -36 - 17. Let m = 55 + p. Suppose -2*y + 8 = 0, -m*g = y - 6*y - 314. What is the units digit of g?
7
Suppose 3*w + 22 - 115 = 0. Let p = 15 - w. What is the tens digit of ((-705)/(-20))/((-6)/p)?
9
Suppose -5*z - 14153 = -2*q - 10*z, 2*q - 2*z = 14160. Suppose -10471 - q = -30*l. What is the hundreds digit of l?
5
Suppose 3 = k, 2*k + k - 11 = -2*m. Let i be (-1 - 0)*-1 - m*9. Let q(x) = -18*x - 3. What is the hundreds digit of q(i)?
1
Suppose 0 = -4*f - 16, 0 = 5*t + 5*f - 0*f. Suppose 4*d - 5*x - 862 = 0, t*d = -2*x - 491 + 1339. What is the hundreds digit of d?
2
Let r be 2/4*(-4 + 98). Let t = 61 + -16. Let j = r - t. What is the units digit of j?
2
Let y(w) = 9*w**3. Let d be y(1). Let g be 2/d - (-282)/(-54). Let x = g + 26. What is the tens digit of x?
2
Let q(w) = -w + 8. Let o be q(2). Let c(b) = -2*b**2 + 7*b + 13. Let n be c(o). What is the tens digit of (2 + n)/(0 + -1) - -2?
1
Let l(n) = -n**3 + 20*n**2 + 22*n + 9. Suppose 5*q + 4*i - 96 = -19, -q = 2*i - 13. What is the units digit of l(q)?
0
Let o(g) = 2*g**2 - 4. Suppose -3*q - 4*k - 1 = -3*k, 3*q + 21 = 3*k. Let h be o(q). Let l(p) = 35*p + 9. What is the tens digit of l(h)?
4
Suppose -312*y + 2330091 = -1967709. What is the tens digit of y?
7
Suppose 39*f = 2*f - 3*f + 2000. What is the tens digit of f?
5
Let h(r) = 4 - 13 + 4*r**2 + 7. Let u be h(-7). Suppose 479 = 5*d - i, u = 2*d + i + i. What is the units digit of d?
6
Suppose -5*i = -2 + 12, 5*i - 54 = -4*p. Let w(l) = 54*l**2 + 2 + p*l - 13*l + 16*l**2. What is the units digit of w(-1)?
9
Let h be 2/(-5)*(61 + -66). Suppose h*u - 1515 = -4*w + 5*u, 3*w + u - 1133 = 0. What is the hundreds digit of w?
3
Suppose -3*s = -2*l - 19 - 107, -5*s = -4*l - 254. Suppose 0 = -22*d - 2066 + 350. Let r = l - d. What is the units digit of r?
2
Let x(d) = -d**2 - 2*d + 13. Let l(p) = -5*p - 4*p + 8*p. Let i be l(0). What is the units digit of x(i)?
3
Let h(d) = -d + 31*d - d**2 + 15*d + 5 - 13*d. What is the hundreds digit of h(12)?
2
Let d = 124 - 262. Let u = d + 201. What is the units digit of u?
3
Let v(y) = y**3 + 11*y**2 - 6*y + 76. Let b be v(-12). What is the units digit of (b - 34/10)/((-6)/(-6690))?
9
Let y be (-8)/(-52) + 8/(-52). Let p be (-133 - 6)*(y + -1). Let b = p + -56. What is the units digit of b?
3
Let p(l) = -3*l**3 - 17*l**2 - l + 59. What is the hundreds digit of p(-15)?
3
Suppose 1284 = -7*b + 11*b. Suppose -4*k = -i - 4*i + b, -4*i = k - 261. Let p = 117 - i. What is the tens digit of p?
5
Suppose 0 = 11*r + 5*r - 64. Suppose -4*b - r*n + 100 = -0*n, -b + 30 = 2*n. Suppose 2*k - 408 + b = 0. What is the hundreds digit of k?
1
Let t = 14693 + -8982. What is the tens digit of t?
1
Let p be 0/(-6 - (0 + -4)). Suppose -4*g - 5*z + 41 = 0, 4*z = -2*g - p*z + 28. Suppose 2*f - 32 = -w - 13, -2*f - g*w + 10 = 0. What is the units digit of f?
1
Let y = 3438 + 305. What is the hundreds digit of y?
7
Let c(v) = v**2 - v - 7. Let z be c(8). Suppose 4*f - 95 = -3*i, -i + 66 = 3*f + 3*i. Let l = f + z. What is the units digit of l?
5
Let t = 2576 - -3464. What is the hundreds digit of (-28)/(-42) + t/12?
5
Suppose -14*r + 96 = -6*r. Suppose -r*a = 2*a - 2464. What is the tens digit of a?
7
Let h(p) = 153*p**2 + 131*p + 508. What is the units digit of h(-4)?
2
Let j be (-18)/48 + (-6444)/(-32) + 2. Let t = j - 100. What is the units digit of t?
3
Suppose -5*x = 5*j - 64105, 6*j - 7*j - 2*x = -12822. What is the hundreds digit of j?
8
Suppose 5*o - 2*d - 16152 = 0, -2*o - 145*d + 142*d + 6438 = 0. What is the units digit of o?
8
Let p = 1266 + 1335. Suppose -18*f = -21*f + p. What is the units digit of f?
7
Let p(h) = -h + 11. Let i be p(23). What is the thousands digit of (-55 + i)/(3/(-69))?
1
Let z(r) = r**3 + 2*r**2 - 8*r + 14. Let b(m) = -10*m**2 + 15 - 8*m + 4*m**2 + 8*m**2 + m**3. Let h(f) = 3*b(f) - 4*z(f). What is the units digit of h(-6)?
5
Let k(j) be the first derivative of 76*j**2 - 17*j + 182. What is the units digit of k(9)?
1
Let x(i) = i**2 + 25*i - 29. Let o be x(-26). What is the units digit of 219*(2 - o)/5 - 1?
8
Suppose 1193517 = 36*q + 68*q - 3*q. What is the hundreds digit of q?
8
Let g be (56/(-20))/(49/25 + -2). Let z be (5 - -2)/(-2 + 145/g). Suppose -5*c - s - 4*s = -175, -5*s = -2*c + z. What is the units digit of c?
9
Suppose -v = 5*q - 9*q - 664, v - 3*q - 668 = 0. What is the units digit of v?
0
Let i = 1476 - 766. Suppose 0 = -53*d + 54*d - i. What is the tens digit of d?
1
Suppose 0 = -4*g + 5*u + 2129, -4*g - g + 3*u + 2658 = 0. Let q = -366 + g. What is the tens digit of q?
6
Let c(y) = 2*y**3 + 5*y**2 + 4*y - 2. Let f be c(4). Suppose 5*h - 8*h = -f. Let k = h + -65. What is the units digit of k?
9
Suppose -38*x = -1678767 - 430651. What is the ten thousands digit of x?
5
Let u(z) = -12*z - 95. Let w be u(-8). What is the hundreds digit of w/((-1)/(-7) - 828/5992)?
2
Suppose 211*i - 2843850 = 61*i. What is the ten thousands digit of i?
1
Suppose -2*n + 2*k = 3*k + 32, -5*k = -5*n - 110. Let o be (-2191)/(-42) - (-3)/n. What is the units digit of -11*(3 - 2)/((-4)/o)?
3
Let u be (-225)/(-36) - (-1)/(-4). Let b = 135 + -133. What is the units digit of -1*4/u*(-3)/b?
1
Let f(o) = 6*o + 10*o + 19*o - 46 - 10*o. What is the units digit of f(4)?
4
Let m = -160 - -165. What is the hundreds digit of m/(-5)*(-10 - 278)?
2
Let b = -560 - -557. What is the tens digit of -5 - 1626/(b + 1)?
0
Suppose 321*s - 110*s = 323041. What is the tens digit of s?
3
Suppose 12 = b + 3*b. Suppose -1110 = -4*j + 3*p, -5*j + b*j + p + 554 = 0. What is the hundreds digit of j?
2
Suppose 0 = 14*l - 21810 + 5598. Let a = l - 628. What is the tens digit of a?
3
Let w be (2 - (-147)/(-12))/(1/(-4)). Let j = -23 + w. What is the units digit of 69/(-1)*(-3)/j*14?
1
Suppose 6509 = 3*b - 4*t - 28119, -2*b + 23084 = -4*t. What is the units digit of b?
4
Suppose -4*y - 80017 = -3*b + 29864, -3*b + y = -109863. What is the tens digit of b?
1
Let a be (-308)/(-38) - 4/38. Let t(c) = 2*c**3 - 7*c**2 + 17*c - 7. What is the units digit of t(a)?
5
Let z(o) = -26*o**3 + 21*o**2 - 98*o - 20. What is the hundreds digit of z(-10)?
0
Suppose 13563*g - 13562*g - 55801 = 0. What is the hundreds digit of g?
8
Let f = -46 + 61. Suppose -t + 3*d + f = 0, -5*d - 24 = -3*t - 3*d. Suppose -1327 = -t*c - 271. What is the units digit of c?
6
Suppose -8*d = -9*d + 3. Suppose d*u + 5 = -10. What is the units digit of 1/((-3520)/705 - u)?
1
Let n be 12/30*(-10 - 1)*-395. Suppose -3*r + c + 2599 = 0, 2*r = -0*c + 2*c + n. What is the tens digit of r?
6
Let n = -22 - -7. Let m be ((-108)/n)/(12/(-200)). What is the tens digit of 4/(-14) - 16/(-7) - m?
2
Let l = -36 + 57. Let m = l + 53. Suppose -6*k = -m - 328. What is the tens digit of k?
6
Let j(l) be the third derivative of 7*l**4/8 - 7*l**3/3 - l**2. Let r(u) = 8*u**3 - 80*u**2 + u - 5. Let m be r(10). What is the units digit of j(m)?
1
Let p be (16/(-10))/(32/(-600)). What is the units digit of (p - 47)/(1/(-23)*1)?
1
What is the ten thousands digit of (-6576)/(-32)*18752/48?
8
Let h(t) = 12*t**3 + 0 - t + 2*t**3 - 5 + 2*t**2 + 2. What is the tens digit of h(3)?
9
Let r = 23536 - 14522. What is the tens digit of r?
1
Let c be (9 - -1) + -52 + 50. What is the units digit of 375 - c/6*12/8?
3
Suppose -9*a = -13*a - 12. Let y(f) = 51*f**2 + 4*f + 2. What is the tens digit of y(a)?
4
Let t = -3 - -4. Let v(i) = i + 6 + 1 - 8 + 62*i**2. What is the tens digit of v(t)?
6
Suppose -71*l = 11*l - 741034. What is the units digit of l?
7
Let x = -35002 - -56902. What is the hundreds digit of x?
9
Let g(x) = 62*x - 4*x**2 - 104*x - 5 + 4*x**2 + 2*x**2. What is the units digit of g(30)?
5
Let g(n) = -7*n - 213. Let u(p) = -6*p - 67. Let j(x) = 5*x + 68. Let z(y) = 4*j(y) + 3*u(y). Let h(q) = 4*g(q) + 11*z(q). What is the units digit of h(-22)?
1
Let f = -46142 + 78693. What is the tens digit of f?
5
Suppose -r + 6*r + 4*j = 32, 3*r + 3 = 5*j. Suppose -f + 3*z - 292 = -3